= -669. Let d be 26/(-11)*(352 + -360 - 3*1). Calculate the highest common factor of p and d.
26
Let y = 107 - 96. Let k be 21 - (y - (-2 + 7)). What is the highest common divisor of k and 165?
15
Suppose 0*a = 4*a - 4. Suppose 65*w = 60*w + 585. Let q = w - 114. Calculate the greatest common divisor of a and q.
1
Suppose 3*r + 25 = 4*p, -2*r + 25 = p + r. Let c be (-340)/50 + (-2)/p. Let l(k) = -12*k + 24. Let z be l(c). Calculate the greatest common divisor of 12 and z.
12
Let f = -90 + 102. Let a be 5/3 - (f/(-9) - -1). Let o be 96/8*2*a. What is the highest common divisor of o and 12?
12
Suppose 5*s + w + w - 2479 = 0, 0 = -5*s + 4*w + 2467. Suppose -11*p + s + 385 = 0. What is the greatest common divisor of 32 and p?
16
Let p(n) = n**2 + 91*n + 52. Let r be p(0). Calculate the highest common factor of r and 7878.
26
Let s = -24 + -200. Let j = s - -433. Let x be 17 + (1 + 0)/(23/46). Calculate the highest common factor of x and j.
19
Suppose -d = -3*d + 66. Let z(a) = -a**3 - 38*a**2 + 46*a + 276. Let c be z(-39). Calculate the greatest common divisor of d and c.
3
Let r(v) = 3*v + 24. Let t(w) = -6*w - 49. Let f(c) = 5*r(c) + 2*t(c). Let o be f(5). What is the greatest common divisor of 111 and o?
37
Let r(v) = -v**3 - 5*v**2 - 3*v - 10. Let j be r(-5). Let a be 31*(-3 - (-20)/j). Let w = a + -13. Calculate the greatest common divisor of w and 162.
18
Suppose -2*d = -3*d + 3*n + 4450, 0 = 3*d + 6*n - 13350. Calculate the highest common divisor of d and 712.
178
Suppose -107*a = -104*a - 3062 + 374. What is the highest common divisor of a and 644?
28
Suppose -3*m + 1013 = 23. What is the greatest common factor of m and 154?
22
Suppose 0 = 144*s - 115892 - 275356. What is the highest common divisor of 1463 and s?
209
Let m be ((-12)/5)/(2 + 161/(-70)). Suppose m*q = 17*q - 6138. Suppose 37*j = 15*j + q. Calculate the highest common divisor of 93 and j.
31
Suppose -115*p = -118*p + 6. Suppose -p*b - 74 = -k, 0 = -7*b + 2*b - 15. Calculate the highest common divisor of 68 and k.
68
Suppose -v = 5*p - 875, 2*v = -4*p + 8*p - 686. Suppose 181*g - 322 = p*g. Calculate the highest common factor of g and 529.
23
Let f = 13295 + -13272. What is the highest common divisor of 8 and f?
1
Let r(m) = -237 - m + 226 + 29*m - m**2. Let o be r(25). Let t = 69 + o. What is the greatest common divisor of t and 19?
19
Suppose -18*r + 2 = -17*r. Let u be (10/(-20))/(1*r/(-40)). Calculate the greatest common factor of u and 10.
10
Suppose 5*g + 570 = 5*d, 21*d + g = 2973 - 975. Let p = -26 - -5. Let c = 33 + p. Calculate the highest common divisor of d and c.
12
Let q = 123 + -144. Let r(o) = -o**3 - 22*o**2 - 23*o - 20. Let y be r(q). Let i be 11*(5 - 2 - -2). What is the highest common factor of i and y?
11
Suppose 66*u - 58*u = 16. Let f be ((-4)/7)/(11/((-3003)/6)). What is the highest common factor of f and u?
2
Let g be 21/9 + (-3)/(-9)*-1. Let h(w) = -15 - 7*w + g*w - 7. Let b be h(-10). What is the greatest common factor of b and 8?
4
Suppose -j = p - 2329, -2*j = -p + 2336 - 28. Calculate the highest common factor of 432 and p.
54
Let c = -12971 - -12985. Calculate the highest common divisor of 134 and c.
2
Let t = 20 + 6. Let c be -3 + 2/2 + t. Let b be (5355/(-34))/45*(-24)/14. What is the greatest common factor of c and b?
6
Suppose -s = -3*c + 4*c + 1, 3*s = -4*c - 7. Suppose 0 = a + s*m + 19 - 186, -m - 755 = -5*a. Calculate the highest common factor of 8 and a.
8
Suppose 246 = 2*m + 22. Suppose 2*g - 22*c = -21*c + 561, c + 1 = 0. What is the highest common factor of m and g?
56
Let l be 87780/490 - 12/(-14). Let j be 63/30 - 2*9/l. Calculate the highest common divisor of 58 and j.
2
Let g(l) = -10*l + 6. Let m be g(2). Let d be 4/m - (-4470)/14. Suppose -3*p - 4*y + 120 = p, -5*y = 4*p - 121. Calculate the highest common factor of p and d.
29
Suppose 22*a - 3*o = 17*a + 1144, o = -2*a + 440. What is the greatest common factor of 308 and a?
28
Let z(y) = -247*y**2 + 2516*y - 75. Let p be z(10). Suppose 5*s - 373 = -3*r, 2*s = -2*s + r + 312. Calculate the greatest common factor of s and p.
77
Suppose -212*z + 213*z - 153 = 0. Suppose -161*g = -z*g - 656. What is the greatest common factor of 410 and g?
82
Let k = 213 - 216. Let q be (k - (-63)/35)*-200. Calculate the highest common factor of q and 30.
30
Suppose 0 = -5*k + k + 32. Let p be 9 + k/(4/(-2)). Suppose 2*f - 4 - 6 = 0. Calculate the highest common factor of p and f.
5
Let r = 2834 - 2024. What is the greatest common factor of r and 210?
30
Let l be 2/(92/76 + -1)*2. Let m = 17 + l. Suppose 0 = -4*h - 4*x + 212 - 4, 5*x - 212 = -4*h. Calculate the highest common factor of m and h.
12
Let f(j) = -3*j - 9. Suppose 0 = -4*p + 6 + 10. Suppose -5*h + 20 = -0, -p*c - 16 = h. Let o be f(c). What is the greatest common divisor of o and 18?
6
Let z be (-1 - (-2)/(-6))/((-26)/(-39)). Let a be 0 - z - 5 - -6. What is the greatest common factor of a and 24?
3
Let d(r) = -184*r - 344. Let z be d(-5). Calculate the highest common divisor of z and 504.
72
Let u(i) be the first derivative of 3*i - 11 + 7*i**2 + 1/3*i**3. Let n be u(-15). What is the greatest common divisor of 2 and n?
2
Let x(o) = 22*o**2 - 26*o - 32. Let h be x(-5). What is the highest common factor of h and 1752?
24
Suppose -4*i - 72 = -20. Let l = -9 - i. Suppose -4*d - h = -67, l*d - 4*h + 60 = 7*d. What is the greatest common divisor of 40 and d?
8
Let l be (-6 - (-4367)/(-1))*(-3 - -2) - 6. What is the greatest common factor of l and 11?
11
Let d = 106 - 10. Let i = 97 - 393. Let k = 440 + i. Calculate the greatest common factor of d and k.
48
Let y(d) = 430*d + 864. Let r be y(-2). Calculate the highest common divisor of r and 388.
4
Suppose -11*w + 9*w + 60 = 0. Suppose 0 = -31*h + 36*h - w. Suppose 2*f - 32 = -i, f = -2*i + h*f + 109. What is the highest common factor of 7 and i?
7
Let i be (1 + -22)*((-180)/(-300))/(18/(-1940)). What is the highest common divisor of i and 42?
14
Let t be (-10 + 14)*(-765)/(-12). Calculate the greatest common factor of 12 and t.
3
Let l(g) = g**3 - 9*g**2 - 61*g + 21. Let b be l(15). Suppose 0 = -4*k + 2*a + b, 4*k - 426 = -5*a + 58. What is the greatest common factor of k and 87?
29
Suppose -8 = 77*z - 81*z + 4*q, 3*z + q - 22 = 0. Calculate the greatest common factor of z and 474.
6
Suppose 9*o = v + 4*o - 377, -3*o = 4*v - 1393. Suppose 0 = -19*a + 20*a - 264. Calculate the greatest common factor of a and v.
88
Suppose -8199 + 1772 = -176*s + 1669. Calculate the greatest common divisor of 46 and s.
46
Let l be (105/63 - (-752)/(-84))*-7. What is the highest common divisor of l and 3009?
51
Let y = -2369 - -2373. Calculate the greatest common factor of 1796 and y.
4
Let y be 6/(-5)*(-110)/66. Suppose -2*o = y*s - 326, -s + o = -5*s + 640. Suppose 10*w - 161 - s = 0. Calculate the greatest common factor of 12 and w.
4
Suppose 6*v = 4*x + 7*v - 211, 86 = x + 5*v. Calculate the highest common factor of x and 465.
3
Let y(d) = 1318*d - 6482. Let j be y(6). Calculate the greatest common factor of 1178 and j.
62
Let v(z) be the third derivative of z**6/120 - z**5/5 + 5*z**4/8 - 7*z**3/3 - 22*z**2 - 3*z. Let o be v(11). What is the greatest common divisor of o and 120?
30
Suppose 0 = -315*i + 331*i - 66624. Calculate the greatest common divisor of 12 and i.
12
Let n = 3 + 2. Suppose -n*k = -4*k - 40. Suppose -330 = -5*l - 5*c, 759*c - 756*c + 102 = 2*l. Calculate the greatest common divisor of k and l.
20
Let g = -580 + 576. Let d(o) = -o**3 + 2*o**2 + 10*o + 2. Let t be d(g). What is the greatest common factor of 203 and t?
29
Let r = 453 - 439. Suppose -13*t = r*t - 648. What is the highest common divisor of 108 and t?
12
Let y be (1 - -30 - -1) + 1 + -2. Suppose 34*d - 723 = y*d. Let l = -145 + d. Calculate the greatest common factor of l and 12.
12
Suppose -175 + 581 = 41*s - 4801. Calculate the greatest common divisor of s and 9.
1
Suppose -44 = -4*l + 208. Suppose 4*r + 30 = n, 2*n - 5*r + 0*r = 51. What is the highest common divisor of n and l?
9
Let u be 124420/36 + 4/(-36). What is the greatest common factor of 54 and u?
54
Let a(f) = -248*f**2 - 1986*f - 15. Let o be a(-8). Calculate the greatest common factor of 54 and o.
1
Let p(c) be the first derivative of -9*c**2/2 - 39*c - 55.